{"id":11997,"date":"2025-11-03T21:07:44","date_gmt":"2025-11-03T20:07:44","guid":{"rendered":"https:\/\/grs-chauffailles.com\/?page_id=11997"},"modified":"2025-11-04T11:35:12","modified_gmt":"2025-11-04T10:35:12","slug":"sejour-sur-lile-doleron-a-saint-trojan-les-bains-du-6-au-13-juin-2026","status":"publish","type":"page","link":"https:\/\/grs-chauffailles.com\/index.php\/sejour-sur-lile-doleron-a-saint-trojan-les-bains-du-6-au-13-juin-2026\/","title":{"rendered":"SEJOUR SUR L\u2019ILE D\u2019OLERON A SAINT-TROJAN-les-BAINS du 6 au 13 juin 2026"},"content":{"rendered":"\n<p class=\"has-text-align-right\"><a href=\"https:\/\/grs-chauffailles.com\/index.php\/agenda\/\">Retour \u00e0 l&rsquo;agenda<\/a><\/p>\n\n\n\n<figure class=\"wp-block-image size-full\"><img loading=\"lazy\" decoding=\"async\" width=\"1025\" height=\"683\" src=\"https:\/\/grs-chauffailles.com\/wp-content\/uploads\/2025\/11\/2026_06_-du_6-au-13_Oleron_-photo1-1.jpg\" alt=\"\" class=\"wp-image-12008\" srcset=\"https:\/\/grs-chauffailles.com\/wp-content\/uploads\/2025\/11\/2026_06_-du_6-au-13_Oleron_-photo1-1.jpg 1025w, https:\/\/grs-chauffailles.com\/wp-content\/uploads\/2025\/11\/2026_06_-du_6-au-13_Oleron_-photo1-1-300x200.jpg 300w, https:\/\/grs-chauffailles.com\/wp-content\/uploads\/2025\/11\/2026_06_-du_6-au-13_Oleron_-photo1-1-768x512.jpg 768w\" sizes=\"auto, (max-width: 1025px) 100vw, 1025px\" \/><\/figure>\n\n\n\n<div style=\"height:20px\" aria-hidden=\"true\" class=\"wp-block-spacer\"><\/div>\n\n\n\n<p class=\"has-medium-font-size\">Venez, vous impr\u00e9gner de l\u2019histoire d\u2019<mark style=\"background-color:rgba(0, 0, 0, 0)\" class=\"has-inline-color has-luminous-vivid-orange-color\">Ol\u00e9ron,<\/mark> \u00e0 la pointe sud de l\u2019\u00eele, entre<mark style=\"background-color:rgba(0, 0, 0, 0)\" class=\"has-inline-color has-luminous-vivid-orange-color\"> l\u2019oc\u00e9an et le Coureau<\/mark>, au c\u0153ur d\u2019un parc de 2,5 hectares et \u00e0 <mark style=\"background-color:rgba(0, 0, 0, 0)\" class=\"has-inline-color has-luminous-vivid-orange-color\">deux pas d\u2019immenses plages<\/mark> de sable fin,<\/p>\n\n\n\n<p class=\"has-medium-font-size\">Ce prix comprend (970\u20ac)&nbsp;:<\/p>\n\n\n\n<p class=\"has-medium-font-size\">&#8211; l\u2019h\u00e9bergement en chambre double, lit fait et linge de toilette fourni<\/p>\n\n\n\n<p class=\"has-medium-font-size\">&#8211; la formule pension compl\u00e8te du d\u00eener du 1<sup>er<\/sup> jour au petit d\u00e9jeuner du 8\u00e8me jour, caf\u00e9 du midi inclus, vin aux repas,<\/p>\n\n\n\n<p class=\"has-medium-font-size\">&#8211; service d\u2019accompagnateurs, les entr\u00e9es et visites selon programme<\/p>\n\n\n\n<p class=\"has-medium-font-size\">&#8211; cocktail d\u2019accueil<\/p>\n\n\n\n<p class=\"has-medium-font-size\">&#8211; le transport aller \/retour et sur place avec les cars BIERCE<\/p>\n\n\n\n<p class=\"has-medium-font-size\">&#8211; assurance annulation<\/p>\n\n\n\n<p class=\"has-medium-font-size\">&#8211; pourboires divers<\/p>\n\n\n\n<div style=\"height:20px\" aria-hidden=\"true\" class=\"wp-block-spacer\"><\/div>\n\n\n\n<p class=\"has-medium-font-size\">Ce prix ne comprend pas&nbsp;:<\/p>\n\n\n\n<p class=\"has-medium-font-size\">&#8211; suppl\u00e9ment chambre individuelle 23\u20ac\/nuit<\/p>\n\n\n\n<p class=\"has-medium-font-size\">&#8211; vos d\u00e9penses personnelles<\/p>\n\n\n\n<p class=\"has-medium-font-size\">&#8211; Pr\u00e9voyez une gourde pour vous d\u00e9salt\u00e9rer lors des randonn\u00e9es<\/p>\n\n\n\n<div style=\"height:20px\" aria-hidden=\"true\" class=\"wp-block-spacer\"><\/div>\n\n\n\n<figure class=\"wp-block-gallery has-nested-images columns-default is-cropped wp-block-gallery-1 is-layout-flex wp-block-gallery-is-layout-flex\">\n<figure data-wp-context=\"{&quot;imageId&quot;:&quot;69d7cecc4921a&quot;}\" data-wp-interactive=\"core\/image\" data-wp-key=\"69d7cecc4921a\" class=\"wp-block-image size-large wp-lightbox-container\"><img loading=\"lazy\" decoding=\"async\" width=\"1025\" height=\"683\" data-wp-class--hide=\"state.isContentHidden\" data-wp-class--show=\"state.isContentVisible\" data-wp-init=\"callbacks.setButtonStyles\" data-wp-on--click=\"actions.showLightbox\" data-wp-on--load=\"callbacks.setButtonStyles\" data-wp-on-window--resize=\"callbacks.setButtonStyles\" data-id=\"12005\" src=\"https:\/\/grs-chauffailles.com\/wp-content\/uploads\/2025\/11\/2026_06_-du_6-au-13_Oleron-photo2-1.jpg\" alt=\"\" class=\"wp-image-12005\" srcset=\"https:\/\/grs-chauffailles.com\/wp-content\/uploads\/2025\/11\/2026_06_-du_6-au-13_Oleron-photo2-1.jpg 1025w, https:\/\/grs-chauffailles.com\/wp-content\/uploads\/2025\/11\/2026_06_-du_6-au-13_Oleron-photo2-1-300x200.jpg 300w, https:\/\/grs-chauffailles.com\/wp-content\/uploads\/2025\/11\/2026_06_-du_6-au-13_Oleron-photo2-1-768x512.jpg 768w\" sizes=\"auto, (max-width: 1025px) 100vw, 1025px\" \/><button\n\t\t\tclass=\"lightbox-trigger\"\n\t\t\ttype=\"button\"\n\t\t\taria-haspopup=\"dialog\"\n\t\t\taria-label=\"Agrandir\"\n\t\t\tdata-wp-init=\"callbacks.initTriggerButton\"\n\t\t\tdata-wp-on--click=\"actions.showLightbox\"\n\t\t\tdata-wp-style--right=\"state.imageButtonRight\"\n\t\t\tdata-wp-style--top=\"state.imageButtonTop\"\n\t\t>\n\t\t\t<svg xmlns=\"http:\/\/www.w3.org\/2000\/svg\" width=\"12\" height=\"12\" fill=\"none\" viewBox=\"0 0 12 12\">\n\t\t\t\t<path fill=\"#fff\" d=\"M2 0a2 2 0 0 0-2 2v2h1.5V2a.5.5 0 0 1 .5-.5h2V0H2Zm2 10.5H2a.5.5 0 0 1-.5-.5V8H0v2a2 2 0 0 0 2 2h2v-1.5ZM8 12v-1.5h2a.5.5 0 0 0 .5-.5V8H12v2a2 2 0 0 1-2 2H8Zm2-12a2 2 0 0 1 2 2v2h-1.5V2a.5.5 0 0 0-.5-.5H8V0h2Z\" \/>\n\t\t\t<\/svg>\n\t\t<\/button><\/figure>\n\n\n\n<figure data-wp-context=\"{&quot;imageId&quot;:&quot;69d7cecc4963a&quot;}\" data-wp-interactive=\"core\/image\" data-wp-key=\"69d7cecc4963a\" class=\"wp-block-image size-large wp-lightbox-container\"><img loading=\"lazy\" decoding=\"async\" width=\"1025\" height=\"683\" data-wp-class--hide=\"state.isContentHidden\" data-wp-class--show=\"state.isContentVisible\" data-wp-init=\"callbacks.setButtonStyles\" data-wp-on--click=\"actions.showLightbox\" data-wp-on--load=\"callbacks.setButtonStyles\" data-wp-on-window--resize=\"callbacks.setButtonStyles\" data-id=\"12004\" src=\"https:\/\/grs-chauffailles.com\/wp-content\/uploads\/2025\/11\/2026_06_-du_6-au-13_Oleron_-photo3-1.jpg\" alt=\"\" class=\"wp-image-12004\" srcset=\"https:\/\/grs-chauffailles.com\/wp-content\/uploads\/2025\/11\/2026_06_-du_6-au-13_Oleron_-photo3-1.jpg 1025w, https:\/\/grs-chauffailles.com\/wp-content\/uploads\/2025\/11\/2026_06_-du_6-au-13_Oleron_-photo3-1-300x200.jpg 300w, https:\/\/grs-chauffailles.com\/wp-content\/uploads\/2025\/11\/2026_06_-du_6-au-13_Oleron_-photo3-1-768x512.jpg 768w\" sizes=\"auto, (max-width: 1025px) 100vw, 1025px\" \/><button\n\t\t\tclass=\"lightbox-trigger\"\n\t\t\ttype=\"button\"\n\t\t\taria-haspopup=\"dialog\"\n\t\t\taria-label=\"Agrandir\"\n\t\t\tdata-wp-init=\"callbacks.initTriggerButton\"\n\t\t\tdata-wp-on--click=\"actions.showLightbox\"\n\t\t\tdata-wp-style--right=\"state.imageButtonRight\"\n\t\t\tdata-wp-style--top=\"state.imageButtonTop\"\n\t\t>\n\t\t\t<svg xmlns=\"http:\/\/www.w3.org\/2000\/svg\" width=\"12\" height=\"12\" fill=\"none\" viewBox=\"0 0 12 12\">\n\t\t\t\t<path fill=\"#fff\" d=\"M2 0a2 2 0 0 0-2 2v2h1.5V2a.5.5 0 0 1 .5-.5h2V0H2Zm2 10.5H2a.5.5 0 0 1-.5-.5V8H0v2a2 2 0 0 0 2 2h2v-1.5ZM8 12v-1.5h2a.5.5 0 0 0 .5-.5V8H12v2a2 2 0 0 1-2 2H8Zm2-12a2 2 0 0 1 2 2v2h-1.5V2a.5.5 0 0 0-.5-.5H8V0h2Z\" \/>\n\t\t\t<\/svg>\n\t\t<\/button><\/figure>\n<\/figure>\n\n\n\n<div style=\"height:20px\" aria-hidden=\"true\" class=\"wp-block-spacer\"><\/div>\n\n\n\n<p class=\"has-medium-font-size\"><mark style=\"background-color:rgba(0, 0, 0, 0)\" class=\"has-inline-color has-luminous-vivid-orange-color\">Programme<\/mark> (Susceptible de modifications)<\/p>\n\n\n\n<p class=\"has-medium-font-size\">J1 : <mark style=\"background-color:rgba(0, 0, 0, 0)\" class=\"has-inline-color has-luminous-vivid-orange-color\">Bienvenue \u00e0 St Trojan-les-Bains<\/mark>. Installation dans les chambres \u00e0 partir de 17h00. Ap\u00e9ritif de bienvenue, pr\u00e9sentation du programme et du site. D\u00eener et soir\u00e9e libre.<\/p>\n\n\n\n<p class=\"has-medium-font-size\">J2 : La Pointe Sud Ol\u00e9ronaise (Pas de d\u00e9placement v\u00e9hicules). Apr\u00e8s le petit d\u00e9jeuner, d\u00e9couverte de St Trojan-les-bains, son port et ses villas \u201cBelles \u00e9poques\u201c (5 km). L&rsquo;apr\u00e8s-midi, randonn\u00e9e vers <mark style=\"background-color:rgba(0, 0, 0, 0)\" class=\"has-inline-color has-luminous-vivid-orange-color\">la Pointe de Maumusson for\u00eat, littoral et marais <\/mark>(9 km). D\u00eener et soir\u00e9e anim\u00e9e.<\/p>\n\n\n\n<p class=\"has-medium-font-size\">J3 : La Pointe Nord Ol\u00e9ronaise (70 km A\/R en car). D\u00e9part avec votre pique-nique pour la c\u00f4te rocheuse jusqu&rsquo;au <mark style=\"background-color:rgba(0, 0, 0, 0)\" class=\"has-inline-color has-luminous-vivid-orange-color\">Phare de Chassiron<\/mark> puis<mark style=\"background-color:rgba(0, 0, 0, 0)\" class=\"has-inline-color has-luminous-vivid-orange-color\"> le port de la Cotini\u00e8re<\/mark> (15 km). D\u00eener et soir\u00e9e anim\u00e9e.<\/p>\n\n\n\n<p class=\"has-medium-font-size\">J4 :<mark style=\"background-color:rgba(0, 0, 0, 0)\" class=\"has-inline-color has-luminous-vivid-orange-color\"> Le Ch\u00e2teau d&rsquo;Ol\u00e9ron<\/mark>. (62 km A\/R en car). Randonn\u00e9e jusqu&rsquo; \u00e0 la Citadelle du Ch\u00e2teau d&rsquo;Ol\u00e9ron, en passant par <mark style=\"background-color:rgba(0, 0, 0, 0)\" class=\"has-inline-color has-luminous-vivid-orange-color\">les marais<\/mark>. (10 km).&nbsp; L&rsquo;apr\u00e8s-midi visite de Fort Royer. Pr\u00e9sentation de l&rsquo;activit\u00e9 ostr\u00e9icole et <mark style=\"background-color:rgba(0, 0, 0, 0)\" class=\"has-inline-color has-luminous-vivid-orange-color\">d\u00e9gustation d&rsquo;hu\u00eetres<\/mark>. D\u00eener et soir\u00e9e anim\u00e9e.<\/p>\n\n\n\n<p class=\"has-medium-font-size\">J5 : JOURNEE LIBRE&nbsp;: Petit-D\u00e9jeuner &#8211; D\u00e9jeuner &#8211; D\u00eener et soir\u00e9e anim\u00e9e.<\/p>\n\n\n\n<p class=\"has-medium-font-size\">J6 Brouage&nbsp;. D\u00e9part avec votre pique-nique <mark style=\"background-color:rgba(0, 0, 0, 0)\" class=\"has-inline-color has-luminous-vivid-orange-color\">Brouage<\/mark>, <mark style=\"background-color:rgba(0, 0, 0, 0)\" class=\"has-inline-color has-luminous-vivid-orange-color\">cit\u00e9 fortifi\u00e9e du marais<\/mark>.<\/p>\n\n\n\n<p class=\"has-medium-font-size\">J7 : La For\u00eat des Saumonnards. (40 km A\/R en car). Randonn\u00e9e \u00e0 travers <mark style=\"background-color:rgba(0, 0, 0, 0)\" class=\"has-inline-color has-luminous-vivid-orange-color\">la for\u00eat des Saumonnards<\/mark>, D\u00e9couverte du sentier du <mark style=\"background-color:rgba(0, 0, 0, 0)\" class=\"has-inline-color has-luminous-vivid-orange-color\">Fort Maudit<\/mark>.<\/p>\n\n\n\n<p class=\"has-medium-font-size\">L\u2019apr\u00e8s-midi, randonn\u00e9e vers le <mark style=\"background-color:rgba(0, 0, 0, 0)\" class=\"has-inline-color has-luminous-vivid-orange-color\">Port des Salines<\/mark>. (9 km). D\u00eener et soir\u00e9e anim\u00e9e.<\/p>\n\n\n\n<p class=\"has-medium-font-size\">J8 : D\u00e9part Apr\u00e8s le petit-d\u00e9jeuner<\/p>\n\n\n\n<div style=\"height:20px\" aria-hidden=\"true\" class=\"wp-block-spacer\"><\/div>\n\n\n\n<p class=\"has-medium-font-size\"><a href=\"https:\/\/grs-chauffailles.com\/wp-content\/uploads\/2025\/11\/2025-06-du_6-au-13_Sejour-a-Oleron_bulletin-dinscription.pdf\" target=\"_blank\" rel=\"noreferrer noopener nofollow\">T\u00e9l\u00e9charger le bulletin d&rsquo;inscription<\/a><\/p>\n\n\n\n<p class=\"has-medium-font-size\"><a href=\"https:\/\/grs-chauffailles.com\/wp-content\/uploads\/2025\/11\/2026-06-du-6-au-13-Sejour-a-Oleron_Contrat-de-vente.pdf\" target=\"_blank\" rel=\"noreferrer noopener nofollow\">T\u00e9l\u00e9charger le contrat de vente<\/a><\/p>\n\n\n\n<p class=\"has-medium-font-size\"><a href=\"https:\/\/grs-chauffailles.com\/wp-content\/uploads\/2025\/11\/2026-06-du-6-au-13-Sejour-a-Oleron_POUR-LES-PERSONNES-SEULES-.pdf\" target=\"_blank\" rel=\"noreferrer noopener nofollow\">T\u00e9l\u00e9charger le bulletin pour une chambre individuelle<\/a><\/p>\n\n\n\n<p class=\"has-text-align-right\"><a href=\"https:\/\/grs-chauffailles.com\/index.php\/agenda\/\">Retour \u00e0 l&rsquo;agenda<\/a><\/p>\n","protected":false},"excerpt":{"rendered":"<p>Retour \u00e0 l&rsquo;agenda Venez, vous impr\u00e9gner de l\u2019histoire d\u2019Ol\u00e9ron, \u00e0 la pointe sud de l\u2019\u00eele, entre l\u2019oc\u00e9an et le Coureau, au c\u0153ur d\u2019un parc de 2,5 hectares et \u00e0 deux pas d\u2019immenses plages de&#46;&#46;&#46;<\/p>\n","protected":false},"author":3,"featured_media":0,"parent":0,"menu_order":0,"comment_status":"closed","ping_status":"closed","template":"","meta":{"footnotes":""},"class_list":["post-11997","page","type-page","status-publish","hentry"],"_links":{"self":[{"href":"https:\/\/grs-chauffailles.com\/index.php\/wp-json\/wp\/v2\/pages\/11997","targetHints":{"allow":["GET"]}}],"collection":[{"href":"https:\/\/grs-chauffailles.com\/index.php\/wp-json\/wp\/v2\/pages"}],"about":[{"href":"https:\/\/grs-chauffailles.com\/index.php\/wp-json\/wp\/v2\/types\/page"}],"author":[{"embeddable":true,"href":"https:\/\/grs-chauffailles.com\/index.php\/wp-json\/wp\/v2\/users\/3"}],"replies":[{"embeddable":true,"href":"https:\/\/grs-chauffailles.com\/index.php\/wp-json\/wp\/v2\/comments?post=11997"}],"version-history":[{"count":0,"href":"https:\/\/grs-chauffailles.com\/index.php\/wp-json\/wp\/v2\/pages\/11997\/revisions"}],"wp:attachment":[{"href":"https:\/\/grs-chauffailles.com\/index.php\/wp-json\/wp\/v2\/media?parent=11997"}],"curies":[{"name":"wp","href":"https:\/\/api.w.org\/{rel}","templated":true}]}}