{"id":407,"date":"2024-02-11T05:55:02","date_gmt":"2024-02-11T04:55:02","guid":{"rendered":"https:\/\/grs-chauffailles.com\/?page_id=407"},"modified":"2026-03-06T06:46:23","modified_gmt":"2026-03-06T05:46:23","slug":"vae","status":"publish","type":"page","link":"https:\/\/grs-chauffailles.com\/index.php\/vae\/","title":{"rendered":"VAE &#8211; V\u00e9lo \u00e0 Assistance \u00c9lectrique"},"content":{"rendered":"\n<div class=\"wp-block-media-text\" style=\"grid-template-columns:25% auto\"><figure class=\"wp-block-media-text__media\"><img loading=\"lazy\" decoding=\"async\" width=\"300\" height=\"300\" src=\"http:\/\/grs-chauffailles.com\/wp-content\/uploads\/2024\/03\/coord_vae.jpg\" alt=\"\" class=\"wp-image-1205 size-full\" srcset=\"https:\/\/grs-chauffailles.com\/wp-content\/uploads\/2024\/03\/coord_vae.jpg 300w, https:\/\/grs-chauffailles.com\/wp-content\/uploads\/2024\/03\/coord_vae-150x150.jpg 150w, https:\/\/grs-chauffailles.com\/wp-content\/uploads\/2024\/03\/coord_vae-80x80.jpg 80w\" sizes=\"auto, (max-width: 300px) 100vw, 300px\" \/><\/figure><div class=\"wp-block-media-text__content\">\n<p>Jean-Jacques JANDEAU<br><strong><mark style=\"background-color:rgba(0, 0, 0, 0)\" class=\"has-inline-color has-luminous-vivid-orange-color\">Coordinateur VAE (V\u00e9lo \u00e0 Assistance \u00c9lectrique)<\/mark><\/strong><\/p>\n\n\n\n<p><a href=\"https:\/\/grs-chauffailles.com\/index.php\/contacter-le-grs\/?contact=vae@grs-chauffailles.com\" rel=\"nofollow\">Envoyer un message<\/a><\/p>\n<\/div><\/div>\n\n\n\n<hr class=\"wp-block-separator has-alpha-channel-opacity\"\/>\n\n\n\n<p><strong><mark style=\"background-color:rgba(0, 0, 0, 0)\" class=\"has-inline-color has-luminous-vivid-orange-color\">POURQUOI CHOISIR DE FAIRE DU V\u00e9lo \u00e0 Assistance \u00c9lectrique ?<\/mark><\/strong><\/p>\n\n\n\n<p>Lorsqu&rsquo;on arrive \u00e0 la retraite, si l\u2019on veut bouger, faire du sport et \u00eatre utile, on vient au GRS ! Une multitude d&rsquo;activit\u00e9s vous sont propos\u00e9es.<\/p>\n\n\n\n<p>Le choix se fait en fonction de vos capacit\u00e9s, de vos envies. Dans chaque activit\u00e9, vous retrouverez ce que vous y apporterez, joie, bonne humeur, entraide. Pas de comp\u00e9tition, mais toujours envie de faire mieux et progresser, de se maintenir en forme le plus longtemps possible, entour\u00e9s de coachs \u00e0 votre service, comp\u00e9tents, s\u00e9rieux et heureux de transmettre leur savoir ! Vous allez vous \u00e9panouir !<\/p>\n\n\n\n<p>Dans cette activit\u00e9, en plus du confort et de la s\u00e9curit\u00e9 de faire partie d&rsquo;un groupe, vous allez<br>appr\u00e9cier la joie de vous sentir seul sur la route, d\u2019\u00eatre capable de faire plusieurs dizaines de km, de franchir des cols auparavant inaccessibles gr\u00e2ce au VAE.<br>En roulant \u00e0 travers la campagne, vous allez d\u00e9couvrir de petits endroits bucoliques de votre r\u00e9gion que vous ne connaissiez pas. Environ 40 circuits sont propos\u00e9s.<\/p>\n\n\n\n<p>Attention aux id\u00e9es re\u00e7ues : le VAE ne fonctionne que si vous p\u00e9dalez !<\/p>\n\n\n\n<p>Pour faire partie du groupe, il suffit d&rsquo;avoir un VAE en parfait \u00e9tat de marche, d&rsquo;\u00eatre en forme, d&rsquo;\u00eatre capable de faire une cinquantaine de km et ce n&rsquo;est que du bonheur !<\/p>\n\n\n\n<p>Quelques contraintes : nous devons partager la route avec tous les autres usagers, d&rsquo;o\u00f9 une vigilance accrue, port du casque et v\u00eatements fluos obligatoires, respect du code de la route.<\/p>\n\n\n\n<hr class=\"wp-block-separator has-alpha-channel-opacity\"\/>\n\n\n\n<p><mark style=\"background-color:rgba(0, 0, 0, 0)\" class=\"has-inline-color has-luminous-vivid-orange-color\"><strong>LES HORAIRES :<\/strong><\/mark><\/p>\n\n\n\n<ul class=\"wp-block-list\">\n<li><mark style=\"background-color:rgba(0, 0, 0, 0)\" class=\"has-inline-color has-luminous-vivid-orange-color\"><strong>le jeudi \u00e0 9 h, en fonction de la m\u00e9t\u00e9o<\/strong><\/mark>.<\/li>\n\n\n\n<li><mark style=\"background-color:rgba(0, 0, 0, 0)\" class=\"has-inline-color has-luminous-vivid-orange-color\"><strong>Proposition de sorties les autres jours de la semaine sur invitation \u00e0 tous, d\u00e9part m\u00eame lieu m\u00eame heure. Les adh\u00e9rents en seront inform\u00e9s.<\/strong><\/mark><\/li>\n<\/ul>\n\n\n\n<hr class=\"wp-block-separator has-alpha-channel-opacity\" id=\"horaires_ete\"\/>\n\n\n\n<p class=\"has-text-align-center has-medium-font-size\"><strong><mark style=\"background-color:rgba(0, 0, 0, 0)\" class=\"has-inline-color has-luminous-vivid-orange-color\">Juin, juillet, ao\u00fbt, les sorties ont lieu tous les jeudis, d\u00e9part \u00e0 8 h.<\/mark><\/strong><\/p>\n\n\n\n<p><strong><mark style=\"background-color:rgba(0, 0, 0, 0)\" class=\"has-inline-color has-luminous-vivid-orange-color\">2 circuits<\/mark><\/strong> :<\/p>\n\n\n\n<ul class=\"wp-block-list\">\n<li>1 circuit d&rsquo;environ <strong><mark style=\"background-color:rgba(0, 0, 0, 0)\" class=\"has-inline-color has-luminous-vivid-orange-color\">30 km<\/mark><\/strong>,<\/li>\n\n\n\n<li>1 circuit d&rsquo;environ <strong><mark style=\"background-color:rgba(0, 0, 0, 0)\" class=\"has-inline-color has-luminous-vivid-orange-color\">50 km<\/mark><\/strong>.<\/li>\n<\/ul>\n\n\n\n<p>Si la m\u00e9t\u00e9o est incertaine <strong><mark style=\"background-color:rgba(0, 0, 0, 0)\" class=\"has-inline-color has-luminous-vivid-orange-color\">le d\u00e9part peut-\u00eatre repouss\u00e9 \u00e0 13 h 30<\/mark><\/strong>.<\/p>\n\n\n\n<p>L&rsquo;information est transmise \u00e0 tous les participants inscrits sur WhatsApp.<\/p>\n\n\n\n<p>Des sorties en EXTRA peuvent-\u00eatre propos\u00e9es les autres jours de la semaine en fonction de la disponibilit\u00e9 des animateurs.<\/p>\n\n\n\n<p><strong><mark style=\"background-color:rgba(0, 0, 0, 0)\" class=\"has-inline-color has-luminous-vivid-orange-color\">Pour plus d&rsquo;info<\/mark><\/strong> : <a href=\"https:\/\/grs-chauffailles.com\/index.php\/contacter-le-grs\/?contact=vae@grs-chauffailles.com\" rel=\"nofollow\">contacter le coordinateur<\/a>.<\/p>\n\n\n\n<hr class=\"wp-block-separator has-alpha-channel-opacity\"\/>\n\n\n\n<div class=\"wp-block-columns is-not-stacked-on-mobile is-layout-flex wp-container-core-columns-is-layout-9d6595d7 wp-block-columns-is-layout-flex\">\n<div class=\"wp-block-column is-vertically-aligned-center is-layout-flow wp-block-column-is-layout-flow\">\n<p><mark style=\"background-color:rgba(0, 0, 0, 0)\" class=\"has-inline-color has-luminous-vivid-orange-color\"><mark style=\"background-color:rgba(0, 0, 0, 0)\" class=\"has-inline-color has-luminous-vivid-orange-color\"><strong>LE LIEU : d\u00e9part du Parc du Ch\u00e2teau \u00e0 CHAUFFAILLES.<\/strong><\/mark><\/mark><\/p>\n<\/div>\n\n\n\n<div class=\"wp-block-column is-vertically-aligned-center is-layout-flow wp-block-column-is-layout-flow\">\n<figure data-wp-context=\"{&quot;imageId&quot;:&quot;69da3f89e3f8e&quot;}\" data-wp-interactive=\"core\/image\" data-wp-key=\"69da3f89e3f8e\" class=\"wp-block-image size-full wp-lightbox-container\"><img loading=\"lazy\" decoding=\"async\" width=\"800\" height=\"600\" data-wp-class--hide=\"state.isContentHidden\" data-wp-class--show=\"state.isContentVisible\" data-wp-init=\"callbacks.setButtonStyles\" data-wp-on--click=\"actions.showLightbox\" data-wp-on--load=\"callbacks.setButtonStyles\" data-wp-on-window--resize=\"callbacks.setButtonStyles\" src=\"https:\/\/grs-chauffailles.com\/wp-content\/uploads\/2024\/04\/chateau-de-chauffailles-2-1.png\" alt=\"\" class=\"wp-image-2956\" srcset=\"https:\/\/grs-chauffailles.com\/wp-content\/uploads\/2024\/04\/chateau-de-chauffailles-2-1.png 800w, https:\/\/grs-chauffailles.com\/wp-content\/uploads\/2024\/04\/chateau-de-chauffailles-2-1-300x225.png 300w, https:\/\/grs-chauffailles.com\/wp-content\/uploads\/2024\/04\/chateau-de-chauffailles-2-1-768x576.png 768w\" sizes=\"auto, (max-width: 800px) 100vw, 800px\" \/><button\n\t\t\tclass=\"lightbox-trigger\"\n\t\t\ttype=\"button\"\n\t\t\taria-haspopup=\"dialog\"\n\t\t\taria-label=\"Agrandir\"\n\t\t\tdata-wp-init=\"callbacks.initTriggerButton\"\n\t\t\tdata-wp-on--click=\"actions.showLightbox\"\n\t\t\tdata-wp-style--right=\"state.imageButtonRight\"\n\t\t\tdata-wp-style--top=\"state.imageButtonTop\"\n\t\t>\n\t\t\t<svg xmlns=\"http:\/\/www.w3.org\/2000\/svg\" width=\"12\" height=\"12\" fill=\"none\" viewBox=\"0 0 12 12\">\n\t\t\t\t<path fill=\"#fff\" d=\"M2 0a2 2 0 0 0-2 2v2h1.5V2a.5.5 0 0 1 .5-.5h2V0H2Zm2 10.5H2a.5.5 0 0 1-.5-.5V8H0v2a2 2 0 0 0 2 2h2v-1.5ZM8 12v-1.5h2a.5.5 0 0 0 .5-.5V8H12v2a2 2 0 0 1-2 2H8Zm2-12a2 2 0 0 1 2 2v2h-1.5V2a.5.5 0 0 0-.5-.5H8V0h2Z\" \/>\n\t\t\t<\/svg>\n\t\t<\/button><\/figure>\n<\/div>\n\n\n\n<div class=\"wp-block-column is-vertically-aligned-center is-layout-flow wp-block-column-is-layout-flow\">\n<iframe src=\"https:\/\/www.google.com\/maps\/embed?pb=!1m14!1m8!1m3!1d1843.0388742199634!2d4.336474368027721!3d46.20173823663699!3m2!1i1024!2i768!4f13.1!3m3!1m2!1s0x47f38bb8ec25a7e9%3A0x507180fd016020d7!2sCh%C3%A2teau%20De%20Chauffailles!5e0!3m2!1sfr!2sfr!4v1714108029215!5m2!1sfr!2sfr\" width=\"100%\" height=\"100%\" style=\"border:0;\" allowfullscreen=\"\" loading=\"lazy\" referrerpolicy=\"no-referrer-when-downgrade\"><\/iframe>\n<\/div>\n<\/div>\n\n\n\n<hr class=\"wp-block-separator has-alpha-channel-opacity\"\/>\n\n\n\n<figure class=\"wp-block-gallery has-nested-images columns-default is-cropped wp-block-gallery-1 is-layout-flex wp-block-gallery-is-layout-flex\">\n<figure data-wp-context=\"{&quot;imageId&quot;:&quot;69da3f89e46d0&quot;}\" data-wp-interactive=\"core\/image\" data-wp-key=\"69da3f89e46d0\" class=\"wp-block-image size-full wp-lightbox-container\"><img loading=\"lazy\" decoding=\"async\" width=\"1024\" height=\"576\" data-wp-class--hide=\"state.isContentHidden\" data-wp-class--show=\"state.isContentVisible\" data-wp-init=\"callbacks.setButtonStyles\" data-wp-on--click=\"actions.showLightbox\" data-wp-on--load=\"callbacks.setButtonStyles\" data-wp-on-window--resize=\"callbacks.setButtonStyles\" data-id=\"13671\" src=\"https:\/\/grs-chauffailles.com\/wp-content\/uploads\/2026\/03\/vae_01.jpg\" alt=\"\" class=\"wp-image-13671\" srcset=\"https:\/\/grs-chauffailles.com\/wp-content\/uploads\/2026\/03\/vae_01.jpg 1024w, https:\/\/grs-chauffailles.com\/wp-content\/uploads\/2026\/03\/vae_01-300x169.jpg 300w, https:\/\/grs-chauffailles.com\/wp-content\/uploads\/2026\/03\/vae_01-768x432.jpg 768w\" sizes=\"auto, (max-width: 1024px) 100vw, 1024px\" \/><button\n\t\t\tclass=\"lightbox-trigger\"\n\t\t\ttype=\"button\"\n\t\t\taria-haspopup=\"dialog\"\n\t\t\taria-label=\"Agrandir\"\n\t\t\tdata-wp-init=\"callbacks.initTriggerButton\"\n\t\t\tdata-wp-on--click=\"actions.showLightbox\"\n\t\t\tdata-wp-style--right=\"state.imageButtonRight\"\n\t\t\tdata-wp-style--top=\"state.imageButtonTop\"\n\t\t>\n\t\t\t<svg xmlns=\"http:\/\/www.w3.org\/2000\/svg\" width=\"12\" height=\"12\" fill=\"none\" viewBox=\"0 0 12 12\">\n\t\t\t\t<path fill=\"#fff\" d=\"M2 0a2 2 0 0 0-2 2v2h1.5V2a.5.5 0 0 1 .5-.5h2V0H2Zm2 10.5H2a.5.5 0 0 1-.5-.5V8H0v2a2 2 0 0 0 2 2h2v-1.5ZM8 12v-1.5h2a.5.5 0 0 0 .5-.5V8H12v2a2 2 0 0 1-2 2H8Zm2-12a2 2 0 0 1 2 2v2h-1.5V2a.5.5 0 0 0-.5-.5H8V0h2Z\" \/>\n\t\t\t<\/svg>\n\t\t<\/button><\/figure>\n\n\n\n<figure data-wp-context=\"{&quot;imageId&quot;:&quot;69da3f89e4b1f&quot;}\" data-wp-interactive=\"core\/image\" data-wp-key=\"69da3f89e4b1f\" class=\"wp-block-image size-full wp-lightbox-container\"><img loading=\"lazy\" decoding=\"async\" width=\"1024\" height=\"576\" data-wp-class--hide=\"state.isContentHidden\" data-wp-class--show=\"state.isContentVisible\" data-wp-init=\"callbacks.setButtonStyles\" data-wp-on--click=\"actions.showLightbox\" data-wp-on--load=\"callbacks.setButtonStyles\" data-wp-on-window--resize=\"callbacks.setButtonStyles\" data-id=\"13672\" src=\"https:\/\/grs-chauffailles.com\/wp-content\/uploads\/2026\/03\/vae_02.jpg\" alt=\"\" class=\"wp-image-13672\" srcset=\"https:\/\/grs-chauffailles.com\/wp-content\/uploads\/2026\/03\/vae_02.jpg 1024w, https:\/\/grs-chauffailles.com\/wp-content\/uploads\/2026\/03\/vae_02-300x169.jpg 300w, https:\/\/grs-chauffailles.com\/wp-content\/uploads\/2026\/03\/vae_02-768x432.jpg 768w\" sizes=\"auto, (max-width: 1024px) 100vw, 1024px\" \/><button\n\t\t\tclass=\"lightbox-trigger\"\n\t\t\ttype=\"button\"\n\t\t\taria-haspopup=\"dialog\"\n\t\t\taria-label=\"Agrandir\"\n\t\t\tdata-wp-init=\"callbacks.initTriggerButton\"\n\t\t\tdata-wp-on--click=\"actions.showLightbox\"\n\t\t\tdata-wp-style--right=\"state.imageButtonRight\"\n\t\t\tdata-wp-style--top=\"state.imageButtonTop\"\n\t\t>\n\t\t\t<svg xmlns=\"http:\/\/www.w3.org\/2000\/svg\" width=\"12\" height=\"12\" fill=\"none\" viewBox=\"0 0 12 12\">\n\t\t\t\t<path fill=\"#fff\" d=\"M2 0a2 2 0 0 0-2 2v2h1.5V2a.5.5 0 0 1 .5-.5h2V0H2Zm2 10.5H2a.5.5 0 0 1-.5-.5V8H0v2a2 2 0 0 0 2 2h2v-1.5ZM8 12v-1.5h2a.5.5 0 0 0 .5-.5V8H12v2a2 2 0 0 1-2 2H8Zm2-12a2 2 0 0 1 2 2v2h-1.5V2a.5.5 0 0 0-.5-.5H8V0h2Z\" \/>\n\t\t\t<\/svg>\n\t\t<\/button><\/figure>\n\n\n\n<figure data-wp-context=\"{&quot;imageId&quot;:&quot;69da3f89e4f70&quot;}\" data-wp-interactive=\"core\/image\" data-wp-key=\"69da3f89e4f70\" class=\"wp-block-image size-full wp-lightbox-container\"><img loading=\"lazy\" decoding=\"async\" width=\"1024\" height=\"576\" data-wp-class--hide=\"state.isContentHidden\" data-wp-class--show=\"state.isContentVisible\" data-wp-init=\"callbacks.setButtonStyles\" data-wp-on--click=\"actions.showLightbox\" data-wp-on--load=\"callbacks.setButtonStyles\" data-wp-on-window--resize=\"callbacks.setButtonStyles\" data-id=\"13673\" src=\"https:\/\/grs-chauffailles.com\/wp-content\/uploads\/2026\/03\/vae_03.jpg\" alt=\"\" class=\"wp-image-13673\" srcset=\"https:\/\/grs-chauffailles.com\/wp-content\/uploads\/2026\/03\/vae_03.jpg 1024w, https:\/\/grs-chauffailles.com\/wp-content\/uploads\/2026\/03\/vae_03-300x169.jpg 300w, https:\/\/grs-chauffailles.com\/wp-content\/uploads\/2026\/03\/vae_03-768x432.jpg 768w\" sizes=\"auto, (max-width: 1024px) 100vw, 1024px\" \/><button\n\t\t\tclass=\"lightbox-trigger\"\n\t\t\ttype=\"button\"\n\t\t\taria-haspopup=\"dialog\"\n\t\t\taria-label=\"Agrandir\"\n\t\t\tdata-wp-init=\"callbacks.initTriggerButton\"\n\t\t\tdata-wp-on--click=\"actions.showLightbox\"\n\t\t\tdata-wp-style--right=\"state.imageButtonRight\"\n\t\t\tdata-wp-style--top=\"state.imageButtonTop\"\n\t\t>\n\t\t\t<svg xmlns=\"http:\/\/www.w3.org\/2000\/svg\" width=\"12\" height=\"12\" fill=\"none\" viewBox=\"0 0 12 12\">\n\t\t\t\t<path fill=\"#fff\" d=\"M2 0a2 2 0 0 0-2 2v2h1.5V2a.5.5 0 0 1 .5-.5h2V0H2Zm2 10.5H2a.5.5 0 0 1-.5-.5V8H0v2a2 2 0 0 0 2 2h2v-1.5ZM8 12v-1.5h2a.5.5 0 0 0 .5-.5V8H12v2a2 2 0 0 1-2 2H8Zm2-12a2 2 0 0 1 2 2v2h-1.5V2a.5.5 0 0 0-.5-.5H8V0h2Z\" \/>\n\t\t\t<\/svg>\n\t\t<\/button><\/figure>\n<\/figure>\n\n\n\n<div style=\"height:30px\" aria-hidden=\"true\" class=\"wp-block-spacer\"><\/div>\n\n\n\n<figure class=\"wp-block-video\"><video height=\"450\" style=\"aspect-ratio: 800 \/ 450;\" width=\"800\" controls src=\"https:\/\/grs-chauffailles.com\/wp-content\/uploads\/2026\/03\/VAE_saison_2_2024_2025.mp4\"><\/video><\/figure>\n","protected":false},"excerpt":{"rendered":"<p>Jean-Jacques JANDEAUCoordinateur VAE (V\u00e9lo \u00e0 Assistance \u00c9lectrique) Envoyer un message POURQUOI CHOISIR DE FAIRE DU V\u00e9lo \u00e0 Assistance \u00c9lectrique ? Lorsqu&rsquo;on arrive \u00e0 la retraite, si l\u2019on veut bouger, faire du sport et \u00eatre&#46;&#46;&#46;<\/p>\n","protected":false},"author":1,"featured_media":0,"parent":0,"menu_order":0,"comment_status":"closed","ping_status":"closed","template":"","meta":{"footnotes":""},"class_list":["post-407","page","type-page","status-publish","hentry"],"_links":{"self":[{"href":"https:\/\/grs-chauffailles.com\/index.php\/wp-json\/wp\/v2\/pages\/407","targetHints":{"allow":["GET"]}}],"collection":[{"href":"https:\/\/grs-chauffailles.com\/index.php\/wp-json\/wp\/v2\/pages"}],"about":[{"href":"https:\/\/grs-chauffailles.com\/index.php\/wp-json\/wp\/v2\/types\/page"}],"author":[{"embeddable":true,"href":"https:\/\/grs-chauffailles.com\/index.php\/wp-json\/wp\/v2\/users\/1"}],"replies":[{"embeddable":true,"href":"https:\/\/grs-chauffailles.com\/index.php\/wp-json\/wp\/v2\/comments?post=407"}],"version-history":[{"count":3,"href":"https:\/\/grs-chauffailles.com\/index.php\/wp-json\/wp\/v2\/pages\/407\/revisions"}],"predecessor-version":[{"id":13674,"href":"https:\/\/grs-chauffailles.com\/index.php\/wp-json\/wp\/v2\/pages\/407\/revisions\/13674"}],"wp:attachment":[{"href":"https:\/\/grs-chauffailles.com\/index.php\/wp-json\/wp\/v2\/media?parent=407"}],"curies":[{"name":"wp","href":"https:\/\/api.w.org\/{rel}","templated":true}]}}