{"id":82,"date":"2024-02-07T06:31:31","date_gmt":"2024-02-07T05:31:31","guid":{"rendered":"https:\/\/grs-chauffailles.com\/?page_id=82"},"modified":"2026-03-12T16:06:23","modified_gmt":"2026-03-12T15:06:23","slug":"le-mot-du-president","status":"publish","type":"page","link":"https:\/\/grs-chauffailles.com\/index.php\/le-mot-du-president\/","title":{"rendered":"Le Mot du Pr\u00e9sident"},"content":{"rendered":"\n<div class=\"wp-block-media-text has-media-on-the-right\" style=\"grid-template-columns:auto 22%\"><div class=\"wp-block-media-text__content\">\n<p class=\"has-text-align-right\">Adh\u00e9rentes, adh\u00e9rents, <strong><mark style=\"background-color:rgba(0, 0, 0, 0)\" class=\"has-inline-color has-luminous-vivid-orange-color\">bonjour<\/mark><\/strong>,<\/p>\n<\/div><figure class=\"wp-block-media-text__media\"><img loading=\"lazy\" decoding=\"async\" width=\"300\" height=\"300\" src=\"https:\/\/grs-chauffailles.com\/wp-content\/uploads\/2026\/01\/president.jpg\" alt=\"\" class=\"wp-image-13113 size-full\" srcset=\"https:\/\/grs-chauffailles.com\/wp-content\/uploads\/2026\/01\/president.jpg 300w, https:\/\/grs-chauffailles.com\/wp-content\/uploads\/2026\/01\/president-150x150.jpg 150w, https:\/\/grs-chauffailles.com\/wp-content\/uploads\/2026\/01\/president-80x80.jpg 80w\" sizes=\"auto, (max-width: 300px) 100vw, 300px\" \/><\/figure><\/div>\n\n\n\n<p>Le nouveau bureau s\u2019est renforc\u00e9 avec <strong><mark style=\"background-color:rgba(0, 0, 0, 0)\" class=\"has-inline-color has-luminous-vivid-orange-color\">5 adh\u00e9rents<\/mark><\/strong>, :<\/p>\n\n\n\n<ul class=\"wp-block-list\">\n<li><strong><mark style=\"background-color:rgba(0, 0, 0, 0)\" class=\"has-inline-color has-luminous-vivid-orange-color\">Bernard VOLLOT<\/mark><\/strong> comme <strong><mark style=\"background-color:rgba(0, 0, 0, 0)\" class=\"has-inline-color has-luminous-vivid-orange-color\">tr\u00e9sorier adjoint<\/mark><\/strong>,<\/li>\n\n\n\n<li><strong><mark style=\"background-color:rgba(0, 0, 0, 0)\" class=\"has-inline-color has-luminous-vivid-orange-color\">Annick MAGAND<\/mark><\/strong> aux Voyages,<\/li>\n\n\n\n<li><strong><mark style=\"background-color:rgba(0, 0, 0, 0)\" class=\"has-inline-color has-luminous-vivid-orange-color\">Yves BOUILLARD<\/mark><\/strong>,<\/li>\n\n\n\n<li><strong><mark style=\"background-color:rgba(0, 0, 0, 0)\" class=\"has-inline-color has-luminous-vivid-orange-color\">Guy BERNARD<\/mark><\/strong>,<\/li>\n\n\n\n<li><strong><mark style=\"background-color:rgba(0, 0, 0, 0)\" class=\"has-inline-color has-luminous-vivid-orange-color\">Paul LUCCIONI<\/mark><\/strong> aux festivit\u00e9s.<\/li>\n<\/ul>\n\n\n\n<p><strong><mark style=\"background-color:rgba(0, 0, 0, 0)\" class=\"has-inline-color has-luminous-vivid-orange-color\">Je commence ma 5<sup>\u00e8me<\/sup> ann\u00e9e en tant que Pr\u00e9sident, certainement la derni\u00e8re<\/mark><\/strong>. Il faut de la jeunesse pour continuer le travail journalier.<\/p>\n\n\n\n<p>D\u00e9j\u00e0 presque 3 mois pass\u00e9s \u00e0 grande vitesse, avec plusieurs manifestations telles que <strong><mark style=\"background-color:rgba(0, 0, 0, 0)\" class=\"has-inline-color has-luminous-vivid-orange-color\">Galette des Rois<\/mark><\/strong>, <strong><mark style=\"background-color:rgba(0, 0, 0, 0)\" class=\"has-inline-color has-luminous-vivid-orange-color\">Assembl\u00e9e G\u00e9n\u00e9rale<\/mark><\/strong>, <strong><mark style=\"background-color:rgba(0, 0, 0, 0)\" class=\"has-inline-color has-luminous-vivid-orange-color\">Th\u00e9 Dansant<\/mark><\/strong>, mise en route de l\u2019<strong><mark style=\"background-color:rgba(0, 0, 0, 0)\" class=\"has-inline-color has-luminous-vivid-orange-color\">activit\u00e9 PILATES<\/mark><\/strong>, etc.<\/p>\n\n\n\n<p>Le temps passe plus vite que nous ne le voudrions.<\/p>\n\n\n\n<p>Faisons abstraction de ce qui se passe dans le monde autant que possible, profitons des activit\u00e9s et des loisirs que nous avons sous la main. Nous allons prochainement d\u00e9marrer l\u2019<mark style=\"background-color:rgba(0, 0, 0, 0)\" class=\"has-inline-color has-luminous-vivid-orange-color\"><strong>activit\u00e9 \u00ab\u00a0PILATES\u00a0\u00bb avec Annick MAGAND<\/strong><\/mark>.<\/p>\n\n\n\n<p>Bien \u00e9videmment <strong><mark style=\"background-color:rgba(0, 0, 0, 0)\" class=\"has-inline-color has-luminous-vivid-orange-color\">il faudra d\u2019autres volontaires pour se former afin de la soutenir<\/mark><\/strong>, <strong><mark style=\"background-color:rgba(0, 0, 0, 0)\" class=\"has-inline-color has-luminous-vivid-orange-color\">ainsi que pour le QI Gong<\/mark><\/strong>, si nous voulons conserver ces deux activit\u00e9s.<\/p>\n\n\n\n<p>Pas mal de choses \u00e0 venir, les d\u00e9partementales, les sorties d\u2019une journ\u00e9e, le voyage \u00e0 Ol\u00e9ron, les rencontres amicales et j\u2019en passe, <strong><mark style=\"background-color:rgba(0, 0, 0, 0)\" class=\"has-inline-color has-luminous-vivid-orange-color\">profitez de toutes ces bonnes activit\u00e9s en prenant soin de vous<\/mark><\/strong>.<\/p>\n\n\n\n<p>Je vous souhaite un beau printemps et un bel \u00e9t\u00e9.<\/p>\n\n\n\n<p><\/p>\n\n\n\n<p class=\"has-text-align-right\"><strong>Marcel BRETTON<\/strong><\/p>\n\n\n\n<p class=\"has-text-align-right\">Pr\u00e9sident du GRS DE CHAUFFAILLES<\/p>\n","protected":false},"excerpt":{"rendered":"<p>Adh\u00e9rentes, adh\u00e9rents, bonjour, Le nouveau bureau s\u2019est renforc\u00e9 avec 5 adh\u00e9rents, : Je commence ma 5\u00e8me ann\u00e9e en tant que Pr\u00e9sident, certainement la derni\u00e8re. Il faut de la jeunesse pour continuer le travail journalier.&#46;&#46;&#46;<\/p>\n","protected":false},"author":1,"featured_media":0,"parent":0,"menu_order":0,"comment_status":"closed","ping_status":"closed","template":"","meta":{"footnotes":""},"class_list":["post-82","page","type-page","status-publish","hentry"],"_links":{"self":[{"href":"https:\/\/grs-chauffailles.com\/index.php\/wp-json\/wp\/v2\/pages\/82","targetHints":{"allow":["GET"]}}],"collection":[{"href":"https:\/\/grs-chauffailles.com\/index.php\/wp-json\/wp\/v2\/pages"}],"about":[{"href":"https:\/\/grs-chauffailles.com\/index.php\/wp-json\/wp\/v2\/types\/page"}],"author":[{"embeddable":true,"href":"https:\/\/grs-chauffailles.com\/index.php\/wp-json\/wp\/v2\/users\/1"}],"replies":[{"embeddable":true,"href":"https:\/\/grs-chauffailles.com\/index.php\/wp-json\/wp\/v2\/comments?post=82"}],"version-history":[{"count":3,"href":"https:\/\/grs-chauffailles.com\/index.php\/wp-json\/wp\/v2\/pages\/82\/revisions"}],"predecessor-version":[{"id":13789,"href":"https:\/\/grs-chauffailles.com\/index.php\/wp-json\/wp\/v2\/pages\/82\/revisions\/13789"}],"wp:attachment":[{"href":"https:\/\/grs-chauffailles.com\/index.php\/wp-json\/wp\/v2\/media?parent=82"}],"curies":[{"name":"wp","href":"https:\/\/api.w.org\/{rel}","templated":true}]}}